(-6))/((-2656)/p + -2)?
3, 37
Suppose u - 18 = -u. Let g be 3/((-27)/(-6))*u. List the prime factors of (-4)/g + 136/6.
2, 11
Suppose -3*b + 386 = 38. Let v = -67 + b. What are the prime factors of v?
7
Suppose a + 5 = -7. What are the prime factors of (a/(-18))/((-4)/(-486))?
3
Suppose -35*n + 27*n = -24952. List the prime factors of n.
3119
Suppose 11*q - 13*q + 8 = 0. Suppose 0 = -4*b - 8, q*v + 0*v + 2*b - 292 = 0. List the prime factors of v.
2, 37
Suppose -y - y + 62 = 0. Let b = y + -23. Suppose -3*s + 16 = -b. List the prime factors of s.
2
Suppose 4*x + 3*b - 1736 = 155, 2*x - b - 933 = 0. What are the prime factors of x?
7, 67
Let n(p) = 29*p**2. Suppose -3*g + 4*g - 2*k = 2, 5*g + 35 = k. Let s be (-2)/g*2*2. What are the prime factors of n(s)?
29
Let u = -7 - -7. Suppose 0 = -u*p - p. Suppose -163 = -4*a - 3*m, -a - m - m + 47 = p. List the prime factors of a.
37
Let n = 1448 + -819. List the prime factors of n.
17, 37
Let m(z) = -z**3 + 5*z**2 + 5*z + 12. Let b be m(6). Suppose -102 = -b*q - 6. What are the prime factors of q?
2
Let t(m) = -m**2 + 4*m + 8. Let z be t(5). List the prime factors of (2 - (-165)/z) + -1.
2, 7
Suppose 0*s - 7 = d + 2*s, 5*s - 32 = 2*d. Let b = d - -17. Suppose y - b = 3. List the prime factors of y.
3
What are the prime factors of (5232/144)/(2/36)?
2, 3, 109
Suppose 32 = -4*p + 204. Let i = p - -17. What are the prime factors of i?
2, 3, 5
Let d(t) = -t**3 - 8*t**2 + 15*t - 10. Suppose 8*i - 40 = 12*i. What are the prime factors of d(i)?
2, 5
Suppose p = 4*p - 36. Let i be (p/(-8))/(3/6). List the prime factors of (-3)/i*1*34.
2, 17
Let l(h) = 31*h**2 + 12*h + 14. What are the prime factors of l(7)?
3, 7, 11
Let r be 1/((-32)/12 + 3). Suppose -r*j - 5*d - 32 = 0, -3*j + 0*d = 2*d + 29. Let l(f) = -4*f + 8. List the prime factors of l(j).
2, 11
List the prime factors of (16 + (3 - 0))*42/6.
7, 19
Let s(j) = -j**3 + 5*j**2 + 5*j - 1. Let m be s(6). List the prime factors of 0 - (-1)/m - (-1962)/14.
2, 5, 7
Let a = -115 - -168. Let u = a - 14. What are the prime factors of u?
3, 13
Let f(w) be the first derivative of 27*w**2/2 - 34. Let a be -1 - (-2 + 2 + -2). List the prime factors of f(a).
3
List the prime factors of (-104 - -32)*(-1 + 21/(-6)).
2, 3
Let r = 15 - 10. Suppose -12 = -2*c - 4*m, -r*c + 29 = 5*m + 4. What are the prime factors of c*-2*(-133)/28?
2, 19
Suppose -35*p = -31*p + 112. Let g = -25 - p. Suppose -g*k + 256 = k. What are the prime factors of k?
2
Let v(w) = 340*w + 26. List the prime factors of v(2).
2, 353
Suppose -4*z - v = -123 - 958, -5*z + 1355 = 2*v. What are the prime factors of z?
269
Let g(m) = m**3 - m**2 - 9*m - 3. Let u be g(4). What are the prime factors of ((-3)/u - -2)/((-3)/(-9))?
5
Suppose -6*f + 20 = -2*f. Suppose -y - 150 = -2*a, -f*a - 2*y + 387 = 3. What are the prime factors of a?
2, 19
Suppose -l - 2*f - 12 = 0, -2*f = -3*f - 2. Let r(w) be the second derivative of -7*w**3/6 - 4*w**2 + w. What are the prime factors of r(l)?
2, 3
Let m = 3672 - 2201. List the prime factors of m.
1471
Let m be 3/(-6*(-5)/1390). Suppose 0 = 2*z + 17 - m. What are the prime factors of z?
61
Suppose 4*i - i - 409 = -5*q, 5*i - 3*q - 659 = 0. Suppose 0 = -2*y + i + 3. What are the prime factors of y?
2, 17
Let p(t) = 31*t - 5. Let d(r) = 29*r - 4. Let x(b) = 3*d(b) - 2*p(b). List the prime factors of x(3).
73
Let g = 458 - 318. What are the prime factors of g?
2, 5, 7
Let l(b) be the first derivative of b**3 + 119*b - 23. List the prime factors of l(0).
7, 17
Suppose 3*l - 5*r - 450 + 27 = 0, -149 = -l - r. Suppose -l - 110 = -4*f. List the prime factors of f.
2
Let g be 2/(-12) - (54712/48)/7. Let k = g + 355. What are the prime factors of k?
2, 3
Let g(a) = 56*a**3 - a**2 + 3*a - 2. Let f be (1 + (0 - 0))/(8 + -7). List the prime factors of g(f).
2, 7
Let p = 2854 - 2027. What are the prime factors of p?
827
Suppose 4*p - 11 = 5*q, 3*q + 4 - 7 = 0. Suppose -p*g + 472 + 619 = 3*r, 5*r - 832 = -3*g. List the prime factors of g.
269
Suppose 8*y - 6*y - 18 = 0. Suppose y*i - 2118 = -543. List the prime factors of i.
5, 7
Suppose t + 6 = -0*t + 2*p, 3*t - 2*p + 6 = 0. What are the prime factors of (t - -56) + (-9)/(-3) + -3?
2, 7
Suppose 3*x = 4*c - x - 2492, 0 = -c + 3*x + 623. List the prime factors of c.
7, 89
Let h(b) = b**2 + 4*b + 4. Let n be h(-4). Let t(r) = 2*r**2. List the prime factors of t(n).
2
Suppose -2*v = -5*v. Suppose -3*z + 7 - 25 = v. What are the prime factors of (1 + 45)*z/(-12)?
23
Let g = 11 + -8. Let m(o) = -2*o**2 - 3 + 5 + g*o**2 - 3. List the prime factors of m(2).
3
Let p(m) = 60*m - 21. Let z be (-22)/(-77) - (1 + 66/(-14)). What are the prime factors of p(z)?
3, 73
Suppose 2*k - 10 + 0 = 0, -k - 5 = -5*z. Suppose 2*i = -z*i. Suppose 0 = 2*t - i*t - 50. What are the prime factors of t?
5
What are the prime factors of (1/2 - 4803/(-6)) + -4?
797
Let t be 3 + 5/((-15)/(-114)). Let m = 17 - t. Let i = m - -62. List the prime factors of i.
2, 19
Let o(z) = -584*z + 355. What are the prime factors of o(-5)?
5, 131
Let p = 342 + -298. Let k(m) = -m**2 - 5*m - 2. Let z be k(-2). Suppose -z*h = 5*f - p, -4*h + 1 = -5*f + 37. List the prime factors of f.
2
Suppose -58*o = -60*o + 690. What are the prime factors of o?
3, 5, 23
Let z be 1/(-2 - 45/(-22)). Let t = -5 - -1. Let x = t + z. List the prime factors of x.
2, 3
Let i(q) be the third derivative of -1/24*q**4 + 0 + q**2 + 0*q + 20/3*q**3. What are the prime factors of i(0)?
2, 5
Let d(n) = -n + 2. Let k be d(-3). Suppose -31 = k*c + 44. What are the prime factors of 3/c*8*-30?
2, 3
Let d(k) = -2*k**3 - 2*k**2 + 3*k + 2. Let x be d(-2). Suppose x*u - u - 24 = 0. Let i = 9 + u. List the prime factors of i.
17
Let r(z) = z**2 - z - 2. Let p = 29 - 36. Let a be r(p). Let k = -3 + a. List the prime factors of k.
3, 17
Let o be 4/(-30) - 12385/(-75). Suppose 2*c - 5*c = 5*s - 283, -3*c + o = 3*s. List the prime factors of s.
59
Let u(a) = -952*a**3 + 4*a**2 + a - 2. What are the prime factors of u(-1)?
953
Suppose 4*u = -2*o - 16, 16 = u - 5*u. What are the prime factors of ((-456)/(-6) - o) + (4 - 1)?
79
Let w(d) = -11*d + 13. Let o(a) = 21*a - 26. Let i(r) = 6*o(r) + 11*w(r). What are the prime factors of i(3)?
2
Let i(q) = -76*q - 134. List the prime factors of i(-8).
2, 3, 79
Suppose -g + 3*m - 8*m + 399 = 0, 1197 = 3*g + 5*m. Suppose 9*k = 6*k + g. List the prime factors of k.
7, 19
Let a = -24 + 27. Suppose 0 - 126 = -a*k. List the prime factors of k.
2, 3, 7
Suppose -4*r = -456 - 72. List the prime factors of r.
2, 3, 11
Let n = -34 + 29. Let p(a) = -a**3 - 3*a**2 + 4*a + 1. List the prime factors of p(n).
31
Let o(g) = g**3 + 10*g**2 - 12*g - 8. Let s be o(-11). Let y(k) = -10*k - 13 + 6*k - s*k. List the prime factors of y(-6).
29
Suppose 2*r - 2*l = 2*l + 878, -4*l + 846 = 2*r. List the prime factors of r.
431
Let q(g) = -g**3 + 16*g**2 + 6*g - 24. What are the prime factors of q(13)?
3, 11, 17
Let u = -19 + 19. Suppose -5*j + 4*j + 18 = u. Suppose j - 162 = -4*z. What are the prime factors of z?
2, 3
Suppose -5*i - 4*m = -5873, -4*i + 2*m + 4694 = 3*m. List the prime factors of (1 + 0)/(17/i).
3, 23
Suppose 2*x - k = 4*k + 1021, 0 = -5*x - 4*k + 2602. What are the prime factors of x?
2, 7, 37
Suppose 5*m = m. Suppose 6*p - 7*p = m. Suppose p*f + 45 = f. List the prime factors of f.
3, 5
Let x = 106 - -34. Suppose -8 - x = -2*u. List the prime factors of u.
2, 37
Suppose n + 15 = 7. Let k be (-116)/(-1)*4/n. Let p = -15 - k. What are the prime factors of p?
43
Let u be (60/(-9))/(4/(-6)). Suppose -v = -63 - 32. Suppose u*l = 5*l + v. What are the prime factors of l?
19
Let u(a) = 3*a - 6. Let w be u(5). Suppose w*i - 683 - 199 = 0. What are the prime factors of i?
2, 7
Let u be 32/14 + 22/(-77). Suppose -32 + u = -5*a. Suppose 116 = 4*o + 2*d, 3*d - 36 = -o + a*d. What are the prime factors of o?
2, 3, 5
Let h = -1565 + 2578. List the prime factors of h.
1013
Suppose 4*f = -2*t + 12668, t + 5390 + 4116 = 3*f. List the prime factors of f.
2, 3, 11
What are the prime factors of 20930/(-210)*(-7 + 1)?
2, 13, 23
Suppose -3*f = 2*n - 89 - 240, 0 = 2*f - 6. List the prime factors of n.
2, 5
Let z(h) = -h**3 - 4*h**2 + 4*h - 5. Let m be z(-5). Suppose -2*y = f - 22, y + 4*f + f - 11 = m. List the prime fac